. What is the hundreds digit of u?
6
Let p = 4676 - 1661. Suppose 5*g - 10*g - n + 3774 = 0, -5*n + p = 4*g. What is the hundreds digit of g?
7
Let t be 2*2817*(-5)/(-10). Suppose 14*i + t = 23*i. What is the hundreds digit of i?
3
Suppose -965*f = -939*f - 76778. What is the thousands digit of f?
2
Let a(s) = -53*s**3 + 9*s**2 + 4*s - 21. What is the hundreds digit of a(-9)?
3
Let s(c) = -c - 10. Suppose -2*m - m = 5*b + 53, 4*b + 4*m + 36 = 0. Let n be s(b). What is the hundreds digit of (2562/(-35))/((-5)/(50/n))?
2
What is the ten thousands digit of (-61 - 12)/(18/(-2934))?
1
Let m(g) = -6*g + 130. Suppose -10*a + 8*a = 18. What is the hundreds digit of m(a)?
1
Let a = 531 - 523. Suppose 2*n - 2269 = -5*w, -3376 = -3*n - 10*w + a*w. What is the thousands digit of n?
1
Let h(j) = j**3 - 3*j**2 + 7*j - 7. Let a be h(2). Suppose -a*p = 13 - 22. Suppose -w - 32 = -k, -2*w + p = w. What is the tens digit of k?
3
Suppose 2*b - 55*j = -58*j + 37032, 3*b - 2*j = 55522. What is the units digit of b?
0
Let y be 3*(-1)/(-6)*2. Let i be y*(-3 - -7 - 12). What is the units digit of (-1340)/(-25) + i/(-20)?
4
Let w(j) = -4*j**2 + 40 + 2*j - 39 + j**3 - 2*j**2. What is the units digit of w(6)?
3
Suppose 10*r - 322380 = -44*r. What is the tens digit of r?
7
Let q(j) = -j**3 + 6*j**2 - 3*j + 14. Let m be q(6). What is the hundreds digit of (-90)/((6 - 6) + m/34)?
7
Suppose -56*y = 58*y - 141640 - 56834. What is the units digit of y?
1
Suppose -15*j + 39 + 906 = 0. Suppose -65*k + 3626 = -j*k. What is the thousands digit of k?
1
Suppose -4*r + 8*r = g + 1, 4*r + 9 = -g. Let c be ((-8)/((-24)/(-17)))/(r/39). Suppose c = -12*j + 2717. What is the hundreds digit of j?
2
Suppose c - 25 = -5*b, 4*c = 3*c. What is the hundreds digit of (-27)/(-27)*5/(b/432)?
4
Let r(v) = 11*v**2 - 16*v**2 + 26*v - 19 + 6*v + 8*v**2. What is the tens digit of r(-19)?
5
Let x = -4202 + 7028. What is the tens digit of x?
2
Suppose 47*w - 51*w - 4*t + 51368 = 0, 0 = -3*w + 8*t + 38482. What is the units digit of w?
8
Let n = 42262 + 9827. What is the ten thousands digit of n?
5
Let h(d) = -d**3 + 6*d**2 + 3*d - 11. Let m be h(6). Let s be 2 + -2 + -4 + m - 1. Suppose -226 = -s*r - 12. What is the tens digit of r?
0
Let g(h) = h**2 - 3*h. Let b be g(4). Suppose d = b*z + 3*d - 298, -3*z = 3*d - 225. Suppose 3*v = -15, -14 - z = -2*l - 2*v. What is the units digit of l?
9
Suppose 43360 = 5*i + 5*x, -i + 34*x = 39*x - 8692. What is the units digit of i?
7
Suppose -2*m - 3*b + 13 = -0, -25 = -5*m - 5*b. Suppose -m*z + 54 = 7*z. What is the tens digit of 40 + (1 - (z/3 + -2))?
4
Suppose -3*f - i = -403, -4*f - 291 = -i - 819. Suppose -n = -8*n + f. Suppose 0 = 4*h - n - 225. What is the tens digit of h?
6
Suppose 30*s - s = 113245. Suppose 6*p - s - 3955 = 0. What is the thousands digit of p?
1
Let p = -1652 - -2397. What is the tens digit of p*3*20/75?
9
Suppose -42*c + 48517 = -29477. Suppose -c = -5*p + 5548. What is the thousands digit of p?
1
Suppose 8*q - 52 = -5*q. Suppose 0*s = -4*b - s + 3, 0 = -s + 3. Suppose q*u + b*u = 784. What is the tens digit of u?
9
Suppose 388110 = 8575*c - 8545*c. What is the hundreds digit of c?
9
What is the tens digit of (-59 - -62)*66/((-6)/(-4492)*3)?
1
Suppose 3*k = -b - 1116, 0 = -2*b + 6*k - 4*k - 2232. What is the tens digit of (1/3)/((-3)/b*4)?
3
What is the hundreds digit of 3*-2*529*(-36)/72?
5
Let f = 1889 + -3473. Let l be ((-2)/(-4))/((-2)/f). Suppose 0 = 4*d - l - 100. What is the hundreds digit of d?
1
Suppose 34*l = -5*w + 35*l + 74787, 0 = -4*l - 28. What is the ten thousands digit of w?
1
Let b = -3797 + -10203. What is the tens digit of 3*(-4)/18 + b/(-84)?
6
Let c(u) = 14*u - 21. Suppose -2*a - 6*a = -80. Let r be c(a). Let i = -20 + r. What is the tens digit of i?
9
Let t be 222/8*16/6. Suppose -5*s - 1099 = -4*l, -2*l + 2*s = -t - 478. What is the units digit of l?
1
Let b be ((-33)/(-6) + -5)*1590. Let x = b - 254. What is the hundreds digit of x?
5
Let c(v) = 35*v + 1695. What is the thousands digit of c(-6)?
1
Let z(m) = -m**3 - 18*m**2 - 7*m + 61. Let b be (((-72)/(-5))/(-4))/(6/30). What is the hundreds digit of z(b)?
1
Let h(q) = q**2 - 4*q + 4. Let x be h(4). Let l be 0/3 + (-10 - -14) - -52. Suppose -8 = -x*u + l. What is the tens digit of u?
1
Suppose 6*v - d - 155610 = 0, 14*v - 2*d = 12*v + 51870. What is the ten thousands digit of v?
2
Suppose 5*h - 3*g = 51538, -5*g - 32811 + 1917 = -3*h. What is the hundreds digit of h?
3
Let w = -238 + 1437. Suppose -8*k = -w - 11089. What is the hundreds digit of k?
5
Suppose z - 18 = 3*z + 4*j, -2*z + 4*j - 34 = 0. Let p(w) = 2*w**2 + 9*w + 26. What is the tens digit of p(z)?
4
Suppose -466*p + 479*p = 463099. What is the ten thousands digit of p?
3
Let m = -15655 - -23044. What is the hundreds digit of m?
3
Let t = 4 + 14. Let h(n) = t*n + 46 - 25 + 7*n + 2*n**2. What is the units digit of h(-14)?
3
Let q be (-2)/(-6) + 2/(-6). Let w be 5/(80/52) - 1/4. Suppose -w*g - 584 = -7*g + l, q = -4*l. What is the hundreds digit of g?
1
Let s = -674 - -1261. Suppose -s = -5*m + 4*a, 2*m - 478 = -2*m - a. What is the hundreds digit of m?
1
Suppose 4*p + 6*l + 1669 = 3*l, 3*p - 3*l + 1236 = 0. Let a = p + 964. What is the tens digit of a?
4
Suppose 3*x - 9 = 3*r + 3, -5*r = -2*x + 14. Let n(p) = 11*p**3 + p - p**2 + 0*p + p - 14*p**3. What is the tens digit of n(r)?
1
Let h be (-4)/6 + 219/(-9). Let t = 136 + h. Suppose 7*c - t = 239. What is the tens digit of c?
5
Let b = 111 + 443. Let x be 12/(-6 - (-3 - 6)). What is the units digit of x/(-2)*b/(-4)?
7
Let q(u) be the third derivative of -u**6/24 - u**5/30 - u**4/24 - 5*u**3/3 - 11*u**2 - 1. What is the tens digit of q(-4)?
8
Let l = -32 + 42. Let p(z) = l - 15 + 4*z**2 + 13*z - 14*z. What is the units digit of p(-5)?
0
Let a = -329 - -318. Let q(y) = 3*y**2 + 8*y + 116. What is the hundreds digit of q(a)?
3
Let n be 2 + 9 + 0 + 0. Suppose c + 5*a + n = 0, 0 = 5*c + 5*a - 2*a - 11. Suppose 0 = -5*q - 4*z + 715, c*q = 2*z - 0*z + 546. What is the units digit of q?
9
Suppose 68*m - 805999 - 986694 = -273845. What is the units digit of m?
6
Suppose -2*a = 65 - 3. Let m = -187 - -281. Let f = a + m. What is the tens digit of f?
6
Let i(f) = -f**2 + 14*f + 17. Suppose -4*z - 3 + 63 = 0. Let y be i(z). Suppose -y*a + 173 = -63. What is the units digit of a?
8
Let q(c) = 53*c**3 + 6*c**2 - 8*c - 21. What is the hundreds digit of q(5)?
7
Let u(a) = -8 + 0*a + 17*a + 14*a. Let k(y) = -3*y**2 - 47*y - 27. Let b be k(-15). What is the units digit of u(b)?
5
Let l(r) = 6932*r**3 + r - 2. Let p be l(1). Suppose -4*d = -3*f + p, -f = 3*d - 2*d + 1724. What is the units digit of 2 + (1 - 0)/((-13)/d)?
5
Let i = 37126 + -107. What is the units digit of i?
9
Suppose 31*v + 33550 = 33*v - 2*g, g = -4*v + 67105. What is the hundreds digit of v?
7
Let d(t) = 2*t**2 - 82*t - 789. What is the tens digit of d(-68)?
3
Let m = -2260 - -2266. Let s(c) = -c**2 + 8*c + 4. Let l be s(6). What is the tens digit of 1072/m - l/(-12)?
8
Suppose 0 = i - 5*c + 4, 3*c - 8*c + 20 = 0. Let a = i - 9. Let n(d) = d**2 - 3*d + 8. What is the tens digit of n(a)?
3
Suppose 0 = 29*k - 9*k - 2920. Suppose 328 = -4*c - 0*c. Let t = k + c. What is the tens digit of t?
6
Suppose 18*v + 2196 = -1962. Let i = 466 + v. What is the tens digit of i?
3
Let j(x) = 3*x**2 - 22*x + 62. Let u be j(13). Let v = -268 + u. What is the tens digit of v?
1
Let u be 40/(-50)*15/(-6). Suppose -2*p = -u*c + 2 - 4, 3*c - 9 = -p. Suppose -c*i - 80 = -4*i + 2*l, 3*l = 3. What is the units digit of i?
1
Suppose -5*m - 15 = 0, -43136 = -354*y + 349*y + 2*m. What is the thousands digit of y?
8
Let p(j) = 3*j + 65. Let g be p(-19). Suppose g*a - 6*a - 433 = -3*b, -5*b - 2*a = -715. What is the units digit of b?
1
Let t(r) = 4*r**2 + 61*r + 3246. What is the hundreds digit of t(-35)?
0
Suppose 77 = -15*j + 8*j. Let u = -19 - j. What is the tens digit of (28 + -4)*(-4)/u?
1
Let l(p) = 4364*p - 879. What is the hundreds digit of l(3)?
2
Suppose f + 1 = 4. Suppose -2*m = -4*t + 226 + 354, -f*m = -12. What is the hundreds digit of t?
1
Suppose 3*y - 17 + 2 = 0. Suppose 9 = y*l - 1. What is the tens digit of (l/(-9))/(7/42)*-96?
2
Let r(n) = -932*n - 14. Let l(a) = -310*a - 4. Let x(k) = -10*l(k) + 3*r(k). Wha